. What are the prime factors of l?
2, 3, 97
Suppose 45*z + 4*t = 50*z - 23255, 0 = -3*t. What are the prime factors of z?
4651
Let q be (7/14)/(2/20). Suppose -7*c + 4*c - 2651 = -q*t, 4*c = 12. What are the prime factors of t?
2, 7, 19
Let t be 167/(-2)*6/3. Let y = t - -200. List the prime factors of y.
3, 11
Let q(j) = 20*j + 62. Let t = -18 + 12. Let h(n) = 41*n + 125. Let p(y) = t*h(y) + 13*q(y). What are the prime factors of p(7)?
2, 7, 11
Let o(m) = -m**2 + 9*m - 24. Let h be o(5). What are the prime factors of -163*(h/26 - 264/143)?
2, 163
Suppose 48*n + 4147 - 42835 = 0. Let m = 939 + n. List the prime factors of m.
5, 349
What are the prime factors of (-1 + -232286)/((-105)/14) - (-4)/10?
2, 3, 29, 89
Let j(m) = m + 2. Let t be j(-2). Suppose -s + 4 = t, -2*r + r = 2*s - 8. Let o = 69 + r. What are the prime factors of o?
3, 23
Let l be 6*(-5)/(-40) - 45/(-4). Suppose 3*s - 3*r = 2448, -l*r + 10*r + 1632 = 2*s. What are the prime factors of s?
2, 3, 17
Suppose 325*j = 83*j - 295*j + 30128385. What are the prime factors of j?
5, 7, 229
Let b(z) = -7*z**2 + z + 2. Let y be b(-1). Let w be 7 + y*(-6)/(-9). Suppose 3*l - 77 = -p, 1 + w = 4*l. List the prime factors of p.
2, 37
Let x = 332 + -585. Suppose 36*r = 4809 + 9375. Let z = r + x. What are the prime factors of z?
3, 47
Let w(o) = o**3 - 13*o**2 - 3*o - 9. List the prime factors of w(25).
2, 3, 103
Let l = 316 - 320. Let q(y) = -149*y - 74. List the prime factors of q(l).
2, 3, 29
Let h(p) = -p**2 + 8*p + 26. Let t be h(8). Suppose -2 + t = 6*c. Suppose -4*i = -3*b + 196, -2*b + c*i = 3*b - 324. What are the prime factors of b?
2
Let r(y) = 8*y**2 - 5*y + 28. Let u be r(4). Let h = u + 9. List the prime factors of h.
5, 29
Suppose -3*u + 2 = -4. Suppose u*s + 6 = 2*m, 5*s + 7 + 4 = m. List the prime factors of ((-20)/3)/(s/24) - 2.
2, 3, 13
Suppose x - 3 = 2*x. Suppose y + 5*r = -211 - 280, 0 = -5*y - 3*r - 2433. What are the prime factors of ((x + y/15)*-5)/1?
3, 59
List the prime factors of ((-5030)/1)/((-95)/57*(-12)/(-80)).
2, 5, 503
Let v be (-1)/(0/(-1) + 1/(-6)). Suppose 2380 = v*w + 892. List the prime factors of w.
2, 31
Let q = -6 + 2. Let l = -83 - -116. Let o = l + q. What are the prime factors of o?
29
Let y(f) = -5940*f - 2642. List the prime factors of y(-3).
2, 7589
Let h = 22212 - 12936. What are the prime factors of h?
2, 3, 773
Let p = -33 + 38. Suppose -2*y + 3*z + 53 = 0, -5*z = -p*y + 2*y + 81. List the prime factors of y.
2, 11
Let l(t) = 4*t + 14. Let j be l(-5). Let i(v) = 49*v - 231. Let h(w) = 10*w - 46. Let g(f) = -21*h(f) + 4*i(f). What are the prime factors of g(j)?
2, 3, 7
Suppose -v - 2*z + 1 + 13 = 0, v + 4*z = 20. Suppose -v*x = -14*x + 12. Suppose x*o = -0*o + 96. What are the prime factors of o?
2, 3
Let x(r) = -2293*r**2 + 20*r + 84. Let c be x(-6). What are the prime factors of (c/8)/(-9) + -4?
3, 127
Suppose -3*n - 350 + 386 = 0. Suppose 9*k = -n*k + 19656. List the prime factors of k.
2, 3, 13
Let c be ((-4)/5)/((-2)/10). Let m(p) = 2*p**2 - 8*p + 4. Let u be m(c). Suppose w = -u*w + 75. List the prime factors of w.
3, 5
Suppose -31*l = -19*l + 948. Let w = 110 + l. List the prime factors of w.
31
List the prime factors of -29 + (-3393)/(-116) - (-72342)/8.
9043
Let r(v) = 22 - 62 + 19 + 18 + v. Let b be r(4). List the prime factors of b*(-7)/(-2)*48/28.
2, 3
Let n(g) = 2139*g - 7509. What are the prime factors of n(5)?
2, 3, 59
Suppose 21*d - 9902 = 19815 + 12850. List the prime factors of d.
2027
Suppose -73*v + 230491 = 32223. List the prime factors of v.
2, 7, 97
Suppose 0 = 6*i + 563 + 733. List the prime factors of (-905 - 0)*i/270.
2, 181
Let j = 13699 + -5873. List the prime factors of j.
2, 7, 13, 43
Suppose -4842031 - 259501 = -89*y + 2833975. List the prime factors of y.
3, 9907
Let l = -173 + 176. Suppose -10 + 25 = l*j. List the prime factors of j.
5
Suppose -6 = z, 125*h - 122*h + 4*z = 184659. What are the prime factors of h?
61561
Let r(l) = -147*l + 6. Let d(q) = 442*q - 17. Let u(x) = 4*d(x) + 11*r(x). List the prime factors of u(1).
149
Let p(b) = -b - 1. Let z be p(-3). Let h be 8/z*1/(-2). What are the prime factors of 7209/99 + h/(-11)?
73
Suppose 139 = 6*k - 95. Let j(q) = -18 + 10*q + 3*q + 15 + q**2 - k. What are the prime factors of j(-20)?
2, 7
Let b(f) = 7*f**2 + 2*f + 5. Let t be b(-2). List the prime factors of ((6/(-4))/(-3))/(t/4582).
79
Suppose 4*d - 2568 = 7*o - 2*o, 0 = -4*d + o + 2552. Let j = -445 + d. List the prime factors of j.
2, 3
Suppose 13 = 5*r - 32. Let g be (-40)/(-3)*(6804/16)/r. Suppose i - g = -8*i. List the prime factors of i.
2, 5, 7
Suppose -7*g + 11*g - 9 = a, 0 = -5*a - 5*g + 30. Suppose 0*x + 567 = a*x + 2*l, 362 = 2*x - 4*l. Let q = 340 - x. What are the prime factors of q?
3, 17
Let i = 244 + -246. What are the prime factors of (5/i)/((-14)/644)?
5, 23
Suppose -51*i + 930136 = 419047 - 897429. What are the prime factors of i?
2, 3, 4603
Let h = 4706 - 2900. What are the prime factors of h?
2, 3, 7, 43
Suppose 6*b - 5*b - 2*h = -198, 0 = 2*b + 2*h + 384. Let i = b - -551. List the prime factors of i.
3, 7, 17
Let p be 3/(-1 + (-8)/(-6)). Suppose -3*a + 141 = -p. Suppose a = 2*c + 4*j, 2*c + 5*j - 15 - 31 = 0. List the prime factors of c.
3, 11
Let r(j) = -3*j - 2. Let d be r(-9). Suppose 9*m - 187 = -d. Suppose 6 = -4*q + m, -5*h - 4*q = -212. List the prime factors of h.
2, 5
Suppose -107703 = -32*u + 173129. What are the prime factors of u?
2, 1097
Let v = 29 + -27. Suppose -v*r + 638 = -4*p, r - 4*r = -3*p - 954. List the prime factors of r.
317
Suppose 2*p - d - 61 = -2*d, -145 = -5*p - 5*d. Suppose p*a - 2392 = 28*a. List the prime factors of a.
2, 13, 23
What are the prime factors of ((-5)/((-140)/9611))/((-7)/(-28))?
1373
Let x(m) = 7*m - 17. Let j be x(6). Suppose 33 = g + j. Suppose 65 + g = r + z, 5*z = 4*r - 283. What are the prime factors of r?
2, 3
Suppose -5*f - 4*c = 1204, f + 3*c = 2*f + 256. Let z = f - -423. What are the prime factors of z?
179
Suppose 0 = -5*d - 10, -245*x + 117731 = -240*x + 2*d. What are the prime factors of x?
3, 47, 167
Let k(f) = -31*f + 17. Suppose 5*c + 15 + 25 = 0. Let u be k(c). List the prime factors of (u/(-15) + -2)*-3.
59
Suppose -5*p - 120 = -6*p. Suppose 572 = 2*a - p. Suppose -3*v + 6*v - a = -5*u, -515 = -5*v + 4*u. List the prime factors of v.
107
Suppose -4*u = 24, -41943 + 7134 = -5*a - u. What are the prime factors of a?
3, 11, 211
Let n(i) = -1133*i + 1502. List the prime factors of n(-18).
2, 7, 17, 23
Suppose 13*o - 7136 = 4239. What are the prime factors of o?
5, 7
Let n(w) = -22 - 31*w - w**3 + 2*w**2 - 13*w**2 - 5*w**2 - 10*w**2 + 6*w**2. What are the prime factors of n(-19)?
2, 103
Let u = 3430 - 1274. What are the prime factors of u?
2, 7, 11
Let w(o) = 74*o + 278. Let i(a) = 73*a + 276. Let g(s) = 7*i(s) - 6*w(s). What are the prime factors of g(12)?
2, 3, 89
Let o(n) = 20*n**2 + 25 - n**3 - 2*n + 35 - 13. Let h be o(20). What are the prime factors of 111/4*(h - -1 - 0)?
2, 3, 37
Let w = -97 - -367. Suppose 9*d + w = 14*d. Suppose 18 - d = -u. What are the prime factors of u?
2, 3
Let b = -30118 - -52678. List the prime factors of b.
2, 3, 5, 47
Let l(n) = -55*n + 1. Let i(s) = 3*s. Let c(q) = 2*i(q) + l(q). Suppose -j = -3*j - 4. List the prime factors of c(j).
3, 11
Let s = 25241 - 11425. What are the prime factors of s?
2, 11, 157
Let q(c) = -2*c - 1. Let t be q(-3). Suppose -i = -0*i + 3*a - 4, 3*i - 4 = -t*a. List the prime factors of 75 - i - (2 + 2).
73
Suppose -o + 11*c + 1310 = 14*c, -4*c = -4*o + 5224. Suppose 8*f + 59 - o = 0. List the prime factors of f.
2, 3, 13
Let u = -3758 + 5056. What are the prime factors of u?
2, 11, 59
Suppose -1497176 = -286*a + 5939192 - 270352. What are the prime factors of a?
2, 3, 29
Suppose -4*c - 13220 = -7*y + 59986, c + 10461 = y. What are the prime factors of y?
2, 5227
Let b(u) = 28*u**2 - 5*u - 2. Suppose -11*g = -19*g - 24. Let a(r) = -84*r**2 + 14*r + 7. Let h(p) = g*a(p) - 8*b(p). What are the prime factors of h(-2)?
3, 37
What are the prime factors of (-1)/((8361/(-1044) + 8)/((-2504)/(-32)))?
29, 313
Let y(w) = -w**2 - 15*w - 10. Let l be y(-13). Let a = l - 13. Suppose 20 = 5*g, -g + 123 + 10 = a*n. List the prime factors of n.
43
Let n be -173*2/1 - 7. Let p = 